+ 138*g - 1304. Determine s(-35).
-9
Let a(b) = -b**3 + 30*b**2 - 91*b + 3101. What is a(26)?
3439
Let r(k) = 4*k**2 - 3169*k - 880923. Determine r(-218).
15
Let h(a) = -a**3 - 8*a**2 - 26662*a - 213305. Calculate h(-8).
-9
Let u(a) = 20*a**2 - 5921*a + 5918. What is u(1)?
17
Let p(h) = h**3 + 42*h**2 + 267*h + 7463. What is p(-40)?
-17
Let l(o) = o**3 + 18*o**2 - 2340*o - 16920. Calculate l(-7).
-1
Let u(o) = 37185*o + 260315. What is u(-7)?
20
Let f(h) = 25*h**2 + 896*h + 3112. Give f(-32).
40
Let u(d) = 171*d + 14156. Give u(-83).
-37
Let y(j) = -j**2 - 9430*j - 112977. Calculate y(-12).
39
Let d(x) = 33822*x - 67728. Calculate d(2).
-84
Let w(s) = s**3 + 113*s**2 - 1968*s + 12195. Calculate w(-129).
-189
Let a(t) = -2*t**3 + 556*t**2 - 1694*t + 12112. What is a(275)?
12
Let t(q) = -2*q**2 - 688934*q + 26871466. Determine t(39).
-2
Let u(j) = -j**2 - 1706*j - 178663. Calculate u(-112).
-135
Let j(y) = -141*y**2 + 25077*y + 3741. What is j(178)?
3
Let v(l) = 293527*l - 293522. What is v(1)?
5
Let f(g) = -6978*g + 14302. Calculate f(2).
346
Let k(u) = 7*u**2 - 2130*u - 35868. Calculate k(-16).
4
Let x(n) = n**3 + 300*n**2 + 2058*n + 3326. What is x(-293)?
1275
Let o(r) = -4*r**2 + 6242*r + 12457. Determine o(-2).
-43
Let w(n) = n**2 - 28*n - 2616. Give w(67).
-3
Let d(x) = -x**3 - 3*x**2 + 997*x + 327. Determine d(0).
327
Let a(s) = 84*s + 1136. Determine a(-6).
632
Let d(n) = -22*n**2 - 826*n - 4925. Give d(-6).
-761
Let a(f) = -29*f**2 - 392*f - 1167. Calculate a(-9).
12
Let t(a) = 2*a**2 + 954*a + 25373. Calculate t(-28).
229
Let k(a) = -1583*a - 449539. Give k(-284).
33
Let l(r) = -6*r**2 - 720*r + 12006. Calculate l(15).
-144
Let u(v) = -102*v - 144. Calculate u(-5).
366
Let x(s) = 474*s - 167. What is x(2)?
781
Let o(u) = -u**2 - 122*u - 341. Give o(-121).
-220
Let o(a) = -3*a**3 + 82*a**2 - 88*a + 2004. Give o(27).
357
Let x(n) = -9180*n + 1891094. Determine x(206).
14
Let c(f) = 595*f + 16143. Calculate c(-27).
78
Let s(t) = -213*t**2 + 77*t + 158. Give s(-2).
-848
Let n(r) = 15*r**3 - 267*r**2 + 288*r - 22. Determine n(1).
14
Let i(o) = -77*o**3 + 45*o**2 - 74*o - 27. Give i(2).
-611
Let x(d) = -101874*d + 305205. Give x(3).
-417
Let c(y) = -y**2 - 47514*y + 855570. What is c(18)?
-6
Let w(c) = -c**3 - 23*c**2 - 53*c - 22. Give w(-6).
-316
Let m(j) = -97*j**2 - 70*j + 246. Give m(4).
-1586
Let c(v) = -2*v**2 + 48*v - 294. Determine c(12).
-6
Let a(t) = -t**3 + 90*t**2 + 78*t - 7004. Determine a(90).
16
Let k(v) = -v**2 + 2453*v - 621681. Give k(287).
-39
Let k(z) = -76*z**3 + 11*z**2 + 2*z + 8. What is k(3)?
-1939
Let b(m) = 251082*m - 2008648. Give b(8).
8
Let k(j) = -242*j + 3787. Give k(21).
-1295
Let x(c) = -238*c**2 + 4753*c + 50. Give x(20).
-90
Let l(x) = 211*x - 337. Calculate l(4).
507
Let d(t) = -3*t**3 + 95*t**2 + 66*t - 976. Determine d(32).
112
Let q(g) = 3*g**3 - 47*g**2 - 574*g + 9063. Give q(15).
3
Let j(l) = -2*l**3 - 53*l**2 - 281*l + 389. What is j(-18)?
-61
Let p(m) = -m**2 + 1511*m + 291333. Give p(-173).
1
Let q(u) = -u**3 + 44*u**2 - 418*u + 13. What is q(15)?
268
Let v(j) = 926*j + 5029. Give v(-5).
399
Let l(i) = 94*i**2 + 7426*i + 94737. Calculate l(-63).
-15
Let z(n) = -63*n**3 - 10*n**2 - 35*n + 45. Determine z(1).
-63
Let o(m) = 687*m + 34. What is o(0)?
34
Let r(m) = 845*m + 10129. Calculate r(-12).
-11
Let g(y) = -y**3 + y**2 + 231*y + 98. Determine g(16).
-46
Let n(c) = 31*c**3 + 432*c**2 - 29*c - 1. What is n(-14)?
13
Let f(s) = -2226*s + 24412. What is f(11)?
-74
Let r(c) = 3158*c - 21292. Give r(7).
814
Let y(i) = i**2 - 142*i - 7041. Calculate y(-38).
-201
Let a(p) = 6*p - 640. Give a(107).
2
Let l(g) = -10*g**2 + 462*g - 4671. What is l(15)?
9
Let b(s) = -s**2 - 227*s - 5512. What is b(-28)?
60
Let z(q) = -1689*q - 26945. Give z(-16).
79
Let k(d) = 637*d - 26009. What is k(42)?
745
Let k(y) = -18*y**3 - 5524*y**2 + 603*y - 3390. Determine k(-307).
-13
Let u(b) = b**3 - 35*b**2 - 1140*b + 39224. Determine u(31).
40
Let m(q) = 8*q**2 + 109*q + 181. What is m(-2)?
-5
Let s(h) = -h**3 + 172*h**2 + 2406*h - 177. Calculate s(185).
8
Let w(a) = 11937*a + 1396636. Determine w(-117).
7
Let a(o) = o**3 - 32*o**2 - 467*o - 2679. What is a(44)?
5
Let o(x) = 5091*x + 239288. Calculate o(-47).
11
Let b(i) = -2*i**3 - 343*i**2 - 830*i + 522. Give b(-169).
-2013
Let c(s) = 3604*s - 1153. Determine c(0).
-1153
Let g(x) = -x**2 + 20*x + 929. Determine g(-21).
68
Let a(q) = q**2 - 129*q + 2273. Give a(22).
-81
Let f(i) = 765*i - 14878. Determine f(20).
422
Let s(j) = 5*j**2 - 850*j - 2591. Give s(173).
4
Let c(v) = -3112*v - 488710. Give c(-157).
-126
Let d(b) = 4*b**3 + 28*b**2 + 10*b - 23. What is d(-5)?
127
Let h(t) = 2*t**3 - 20*t**2 + 173*t - 422. Determine h(6).
328
Let n(l) = 2162*l + 25959. What is n(-12)?
15
Let z(a) = 48*a**3 - 1434*a**2 + 3740*a - 382. Calculate z(27).
-4
Let p(l) = l**3 + 93*l**2 - 190*l - 10. Determine p(-95).
-10
Let t(n) = 14*n**3 + 30*n**2 - 147*n - 22. Give t(4).
766
Let o(n) = n**3 - 598*n - 1181. Give o(-2).
7
Let m(l) = -9*l**2 - 1747*l - 11880. Determine m(-187).
88
Let i(p) = 1066*p + 5145. Calculate i(-4).
881
Let g(j) = 12*j**3 - 49*j**2 + 10*j - 9. Calculate g(4).
15
Let x(u) = -u**3 + 13*u**2 - 262*u + 2031. What is x(8)?
255
Let o(i) = -884*i + 4552. Give o(5).
132
Let t(n) = 3*n**2 - 6*n - 3059. Calculate t(-31).
10
Let s(f) = f**3 + 1973*f**2 + 19670*f + 396. Calculate s(-10).
-4
Let m(x) = -104565*x**2 - 3764338*x + 60. Give m(-36).
-12
Let d(b) = b**3 + 66*b**2 + 570*b - 47. Calculate d(-10).
-147
Let j(g) = 433*g - 14033. Calculate j(32).
-177
Let u(a) = -11*a**2 + 8716*a - 136640. What is u(16)?
0
Let c(w) = -3*w**3 - 14*w**2 + 137*w - 8. What is c(7)?
-764
Let v(k) = -61638*k - 369820. What is v(-6)?
8
Let l(o) = -o**3 - 2*o**2 - 1367*o - 8280. Determine l(-6).
66
Let t(c) = -5*c**3 + 116*c**2 - 781*c + 17434. Determine t(23).
0
Let b(k) = 134*k + 1949. Give b(-13).
207
Let b(t) = -t**3 - 37*t**2 + 1060*t + 14775. Calculate b(-11).
-31
Let x(f) = 532*f**2 + 3015*f + 1768. What is x(-5)?
-7
Let i(z) = -3*z**2 - 27587*z + 82748. Calculate i(3).
-40
Let v(i) = -5136*i - 16235. Calculate v(-3).
-827
Let t(s) = 15*s**3 + 24331*s**2 + 74477*s + 4846. Determine t(-1619).
-11
Let u(r) = -r**2 - 11287*r + 101664. What is u(9)?
0
Let n(w) = -w**3 - 13*w**2 + 50*w + 809. What is n(-9)?
35
Let k(f) = 2*f**3 + 271*f**2 - 137*f - 238. Determine k(-136).
-102
Let u(o) = -13*o**3 + 441*o**2 - 437*o + 1338. Calculate u(33).
-15
Let z(h) = -8*h**3 - 110*h**2 + 232*h + 1234. Give z(-15).
4
Let z(p) = p**3 - 199*p**2 + 512*p + 14948. What is z(196)?
52
Let z(g) = g**3 + 72*g**2 - 236*g - 6533. Determine z(-74).
-21
Let h(b) = 526*b + 91388. What is h(-174)?
-136
Let g(a) = 5968*a - 18032. Calculate g(3).
-128
Let j(v) = 279*v + 14950. Give j(-55).
-395
Let q(j) = -1844*j - 127318. Give q(-69).
-82
Let k(z) = z**3 + 64*z**2 - 8*z + 4028. Determine k(-65).
323
Let y(t) = -959*t**3 + 9*t**2 - 2*t - 4. Determine y(1).
-956
Let w(p) = -23511*p + 329146. Determine w(14).
-8
Let z(y) = 51*y**3 + 98*y**2 - 195*y + 4. Determine z(2).
414
Let f(y) = -207955*y + 1455689. Calculate f(7).
4
Let y(g) = 321*g**2 - 1889*g - 237. Calculate y(6).
-15
Let v(o) = o**2 + 207*o + 1003. Give v(-5).
-7
Let m(h) = h**3 + 93*h**2 + 523*h + 1191. What is m(-87)?
1104
Let v(q) = -q**3 - 500*q**2 + 2569*q + 22208. Calculate v(-505).
-12
Let o(b) = -647*b - 15681. Calculate o(-24).
-153
Let q(g) = 6*g**2 - 413*g - 94. Determine q(30).
-7084
Let q(n) = 97*n**2 - 2172*n + 9548. What is q(6)?
8
Let m(p) = 392*p + 74491. What is m(-190)?
11
Let j(r) = -12*r**2 + 728*r + 9331. Calculate j(-13).
-2161
Let w(c) = -c**3 + 26*c**2 - 267*c - 222. Calculate w(17).
-2160
Let w(q) = 144466*q + 9534770. Calculate w(-66).
14
Let b(d) = d**3 + 41*d**2 + 401*d + 23. Give b(-14).
-299
Let y(x) = 58*x**2 + 7434*x + 8644. Calculate y(-127).
8
Let g(i) = -i**3 + 20*i**2 + 29*i - 43. What is g(-6)?
719
Let u(q) = -q**3 - 52*q**2 - 390*q - 308. Calculate u(-8).
-4
Let p(b) = b**2 + 291380*b + 9614453. What is p(-33)?
2
Let m(z) = -415*z + 3281. Determine m(8).
-39
Let t(x) = -48*x**2 + 9*x + 2527. What is t(-7)?
112
Let t(m) = -m**3 + 174*m**2 + 189*m + 1435. What is t(175)?
3885
Let t(w) = -420893*w - 5892494. Give t(-14).
8
Let z(